ppose 6*m - r = -0*m. Suppose -10 = 12*z - m. What is the remainder when 74 is divided by z?
8
Suppose -4*w + 29 + 223 = 0. Suppose 0 = -86*l + 83*l + w. Calculate the remainder when l is divided by 11.
10
Let d = -3624 - -3851. What is the remainder when d is divided by 10?
7
Suppose -4*w + 5*m - 18 = 0, 4*w = 6*w + 2*m. Let z(l) = l**3 + 38*l**2 - 167*l + 49. Calculate the remainder when w/7 - (-1152)/63 is divided by z(-42).
4
Let t = 5 - -18. Let n(z) = -z**3 - 43*z**2 + 88*z - 9. Calculate the remainder when n(-45) is divided by t.
12
Suppose 0 = -t - 4*q + 217, -2*q + 362 + 30 = 2*t. What is the remainder when 559 is divided by t?
181
Suppose -79*m = -5379 - 4891. Calculate the remainder when 23397 is divided by m.
127
Let m = 4843 - 4744. What is the remainder when 868 is divided by m?
76
Suppose 40*n + 80*n - 57*n = 73962. Calculate the remainder when n is divided by 273.
82
Let x(u) = u**3 - 9*u**2 - 11*u + 15. Let w be x(10). Suppose w*j - 120 = 7*j. Let c = -2 - j. What is the remainder when c is divided by 15?
13
Suppose -78*g + 62*g + 19920 = 0. Let w = g + -1081. Suppose 5*u + 43 = y, y - 3*u - 29 = -5*u. What is the remainder when w is divided by y?
32
Let k = -8318 - -9913. Calculate the remainder when k is divided by 395.
15
Let r(g) = -9*g - 4. What is the remainder when 4/26*(16 - -595) is divided by r(-4)?
30
Let n be 448/(-98)*-7 + (5 - 0). Suppose n*h - 7064 = 3222. What is the remainder when h is divided by 40?
38
Let u = -114 - -28. Suppose -92*f + 3*w - 355 = -87*f, 4*f - 4*w = -292. Let i = f - u. Calculate the remainder when 33 is divided by i.
15
Suppose -157*d - 831 = -158*d. What is the remainder when d/8 - (-1)/(-16)*-2 is divided by 22?
16
Suppose -8 = r - 3*r. Suppose -r*t + 3*t + 20 = -3*f, -f = 3*t - 60. Let c = -3011 + 3127. Calculate the remainder when c is divided by t.
16
Suppose -18*u + 3507 + 3945 = 0. What is the remainder when u is divided by 80?
14
Let l(j) = 4*j**3 - 5*j + 6. Calculate the remainder when l(2) is divided by 44/(-55) + 54/5.
8
What is the remainder when (-3)/5 - 31590/(-25) is divided by 23?
21
Let h(m) = -m**2 - 199*m + 662. Let l = 26 + -12. Let o = l - -7. What is the remainder when h(3) is divided by o?
14
Let o = -80 + 78. Suppose -5*p - a + 359 - 21 = 0, 5*p + 5*a = 330. What is the remainder when p is divided by 9 + o + 0 + -2?
3
Let z = -30 - -33. Suppose -z*g + 182 = -64. Let l = -66 + g. What is the remainder when 28 is divided by l?
12
Let w = -17 + 68. Let a(f) = 2*f**3 + 9*f**2 - 38*f - 13. What is the remainder when w is divided by a(-7)?
3
Let t be (-4)/(-6) - (40/(-3) + 2). Let f be ((-18)/(-4))/(t/24). Suppose f*o + 32 = 104. What is the remainder when 28 is divided by o?
4
Suppose -7*j = -9*j + 52. What is the remainder when j is divided by (16/6 - 2)/(54/486) + -1?
1
Suppose 10*x + 23*x = 99. What is the remainder when x - ((-114)/(-152))/(2/(-232)) is divided by 24?
18
Suppose -7885 - 3123 = -4*s + 2*g, -s + 2759 = 3*g. What is the remainder when s is divided by 18?
17
Suppose 0 = 4*l - 9*l + 20. Suppose -9*g + l*g + 210 = 0. Let f = 113 - -54. Calculate the remainder when f is divided by g.
41
Let o(d) = -2*d**3 - 121*d**2 - 78*d - 827. What is the remainder when o(-60) is divided by 127?
126
Let b(c) = -6*c - 19. Let i = -189 - -394. Calculate the remainder when i is divided by b(-9).
30
Suppose z + 0*z - 162 = -2*d, 4*z = -8. Let w = 164 + -119. What is the remainder when d is divided by w?
37
Let g be (830/5 + 1)*1. Suppose 0 = 6*m - 13 - g. Let r = -18 + m. Calculate the remainder when r is divided by 8.
4
Suppose -3*v + 10 = 5*l, 6*l - 7*l = -3*v + 16. Suppose f - 37 = -2*r, 8*r + 215 = v*f + 3*r. Calculate the remainder when 55 is divided by f.
14
Suppose o - u = -273, 4*o = -u - 63 - 1039. Let d = o + 297. Calculate the remainder when 86 is divided by d.
20
Let q(m) = m**2 + 3*m - 480. Calculate the remainder when 126 is divided by q(-24).
6
Let z(r) = r**3 + 14*r**2 + 10*r - 2. Let u = -17 + 51. What is the remainder when z(-12) is divided by u?
30
Let u be 0/(-3 + (-4 - -8)). Let w(d) = -d + u + 1 - 6 + 4. What is the remainder when w(-5) is divided by 3?
1
Suppose 109 = f + 5*r, -r + 3*r = f - 137. Let u(d) = -65*d - 238. Let v be u(-3). Let g = f + v. Calculate the remainder when g is divided by 22.
20
Let x = 22670 + -22649. Calculate the remainder when 5783 is divided by x.
8
Let h = -14417 - -14801. What is the remainder when h is divided by 280?
104
What is the remainder when 55 is divided by (-50*17/(-340))/(1/(-6)*-1)?
10
Let q(h) = h**3 - 14*h**2 + 18*h - 5. Suppose -38 - 27 = -5*v. Calculate the remainder when q(v) is divided by (-6)/8*(-28 + 0).
18
Suppose 0 = -3*r - y + 810, -45*r - 7*y + 792 = -42*r. What is the remainder when r is divided by 5?
1
Suppose -5*b - 8 = 3*j - 29, -4*b - 2*j + 16 = 0. Suppose -31440 = -501*h + 108*h. Calculate the remainder when h is divided by b.
2
Suppose -268*a - 133813 = -62*a - 626977. Calculate the remainder when a is divided by 22.
18
What is the remainder when ((-48)/(-20))/(10/1775) is divided by 39?
36
What is the remainder when 560 is divided by ((-192)/(-20))/(-4)*(-570)/12?
104
Let g = -13 - -42. Let u = 30 - g. What is the remainder when -2 - -14 - (-2 + (u - -2)) is divided by 9?
2
Suppose -3*z = -2*c + 27, z - 48 = -3*c + 4*z. Let q = 86 + 56. Calculate the remainder when (q/(-4) + 0)*-2 is divided by c.
8
Let x(a) be the third derivative of -3*a**4/8 - 4*a**3 + 41*a**2. Let q be x(3). Let c = -47 - q. Calculate the remainder when 19 is divided by c.
3
Suppose -4*h + 150 = -w, 3*w = -5*h + 8*w + 195. Suppose -t = -0*b + b - 46, -h = -b + 2*t. Let k = -105 + 190. Calculate the remainder when k is divided by b.
42
Let k = 422 - 203. Let l = -206 + k. Calculate the remainder when 154 is divided by l.
11
Suppose -33*v - 30 = -39*v. Suppose 0 = v*y + 22 - 127. What is the remainder when 72 is divided by y?
9
Let o(j) = 92*j - 2177. What is the remainder when 1481 is divided by o(24)?
24
Let z(s) = 45*s**2 + 4*s - 1. Suppose -10*a + 49 = -11. What is the remainder when z(-2) is divided by ((-2)/a)/(4/(-420))?
31
Let c be (-270)/(-7 - -1 - -5*1). Suppose -1049 + c = -19*s. Calculate the remainder when 67 is divided by s.
26
What is the remainder when -3 + 4 + 1034 - 12/(-3) is divided by 36?
31
Suppose -11*f + 9*f = -6, 5*f = 4*k - 1449. What is the remainder when k is divided by 209?
157
Suppose 0 = 15*n + 21*n - 42*n + 1644. What is the remainder when n is divided by 56?
50
Let r = 185 + -144. Let m = 11 + -9. Suppose 0 = 2*q - 30 + m. Calculate the remainder when r is divided by q.
13
Suppose -4*l - 4*m = 20, -6*m = l - m + 13. Calculate the remainder when (-3)/(-12) + 1830/40 is divided by (-1)/((-3)/((-9)/l))*13.
7
Suppose 0 = -44*r + 40*r + 23*r - 817. Calculate the remainder when 125 is divided by r.
39
Let w = -804 + 467. Let z = 474 + w. What is the remainder when z is divided by 24?
17
Let k = -6416 - -6544. Calculate the remainder when k is divided by 33.
29
Suppose 12*f - 65*f - 3*f + 2408 = 0. What is the remainder when 241 is divided by f?
26
Suppose -111 = 5*w + 4*g, -96 = 3*w + w + 5*g. Let a = -5 - w. Let s(i) = 560*i - 95734. Calculate the remainder when s(171) is divided by a.
12
Let s = -51 - -80. Suppose -522 = -s*t + 20*t. Calculate the remainder when t is divided by -12*(1 + (-2 - 0)).
10
Suppose 5*t + 4019 + 436 = 14*t. Calculate the remainder when 1496 is divided by t.
11
Calculate the remainder when 416 is divided by (-70)/60*-2*9.
17
Suppose -35*g + 1656 = -6709. Suppose -3*p - g = 4*v - 8*v, -3*p = -3*v + 180. Calculate the remainder when v is divided by 28.
3
Let q(h) be the third derivative of -h**4/24 + 35*h**3/6 - 2*h**2. Let s be q(-7). Suppose 0 = 11*d - 8*d - s. What is the remainder when 19 is divided by d?
5
Calculate the remainder when 324 + (-19)/((-285)/(-120)) is divided by 18.
10
Calculate the remainder when (348/16)/29 + (-3338)/(-8) is divided by 107.
97
Suppose 5*c - 74 = 5*n + 4*c, 2*n - 4*c + 44 = 0. Let d(g) = -3*g + 10. Let q = -14 - -28. Calculate the remainder when d(n) is divided by q.
10
Let y(p) be the second derivative of p**3/6 + 9*p**2/2 + 2*p - 27. Calculate the remainder when 23 is divided by y(1).
3
Calculate the remainder when (-495168)/(-4